{"id":14,"date":"2023-08-04T21:39:19","date_gmt":"2023-08-04T19:39:19","guid":{"rendered":"http:\/\/neverminddrift.com\/?page_id=14"},"modified":"2023-08-31T14:01:34","modified_gmt":"2023-08-31T12:01:34","slug":"strona-glowna","status":"publish","type":"page","link":"https:\/\/neverminddrift.com\/","title":{"rendered":"Strona g\u0142\u00f3wna"},"content":{"rendered":"<section class=\"bde-section-14-100 bde-section\">\n              \n  \n\t          \n      <div class=\"section-background-video\">\n              <video\n          autoplay\n          muted\n                      playsinline\n                                loop\n                          >\n        <source src=\"https:\/\/neverminddrift.com\/wp-content\/uploads\/2023\/08\/Krotka-relacja-z-NEVERMIND-Drift-Fest-_-1-3.05.2023-_-Terminal-Gubinek-1080p.mp4\" type=\"video\/mp4\" \/>\n      <\/video>\n      <\/div>\n\n\n  <div class=\"section-background-overlay\"><\/div>\n\n\n<div class=\"section-container\"><div class=\"bde-text-14-101 bde-text\">\nPierwszy w Polsce tor do driftingu z opcj\u0105 nawadniania\n<\/div><div class=\"bde-image-14-102 bde-image\">\n  \n\n\n\n\n\n<figure class=\"breakdance-image breakdance-image--22\">\n\t<div class=\"breakdance-image-container\">\n\t\t<div class=\"breakdance-image-clip\">\n\t\t\t\n\t\t\t\t\n\t\t\t\t\t      \n  \n  \n  \n  \n      \n      <img decoding=\"async\"\n      class=\"breakdance-image-object\"\n      src=\"https:\/\/neverminddrift.com\/wp-content\/uploads\/2023\/08\/logo-nevermind.svg\"\n      width=\"\"\n      height=\"\"\n      \n      \n                                      >\n  \n\n\t\t\t\t\t\n\t\t\t\t\t\t<\/div>\n\t<\/div>\n\n\t<\/figure>\n\n<\/div><div class=\"bde-text-14-103 bde-text\">\nTrack Day\n<\/div><div class=\"bde-text-14-104 bde-text\">\nw ka\u017cd\u0105 sobot\u0119 (godz. 12-18:00) oraz niedziel\u0119 (godz. 12-17:00)\n<\/div><div class=\"bde-columns-14-105 bde-columns\"><div class=\"bde-column-14-106 bde-column\">\n  \n\t\n\n\n\n<a class=\"bde-text-link-14-109 bde-text-link breakdance-link\" href=\"mailto:info@neverminddrift.com\" target=\"_blank\" data-type=\"url\">\n  info@neverminddrift.com\n\n<\/a><div class=\"bde-div-14-115 bde-div\">\n  \n\t\n\n\n\n<div class=\"bde-icon-14-111 bde-icon\">\n\n    \n                    \n            \n            \n\n    \n    \n    \n    \n    <a class=\"breakdance-link bde-icon-icon breakdance-icon-atom\" href=\"https:\/\/www.facebook.com\/nevermind.poland\" target=\"_blank\" data-type=\"url\"  >\n\n    \n                    <svg xmlns=\"http:\/\/www.w3.org\/2000\/svg\" id=\"icon-facebook\" viewBox=\"0 0 32 32\">\n<path d=\"M19 6h5v-6h-5c-3.86 0-7 3.14-7 7v3h-4v6h4v16h6v-16h5l1-6h-6v-3c0-0.542 0.458-1 1-1z\"\/>\n<\/svg>\n        \n        \n        \n                <\/a>\n\n    \n\n\n<\/div><div class=\"bde-icon-14-112 bde-icon\">\n\n    \n                    \n            \n            \n\n    \n    \n    \n    \n    <a class=\"breakdance-link bde-icon-icon breakdance-icon-atom\" href=\"https:\/\/www.instagram.com\/nevermind.poland\" target=\"_blank\" data-type=\"url\"  >\n\n    \n                    <svg xmlns=\"http:\/\/www.w3.org\/2000\/svg\" id=\"icon-instagram\" viewBox=\"0 0 32 32\">\n<path d=\"M16 2.881c4.275 0 4.781 0.019 6.462 0.094 1.563 0.069 2.406 0.331 2.969 0.55 0.744 0.288 1.281 0.638 1.837 1.194 0.563 0.563 0.906 1.094 1.2 1.838 0.219 0.563 0.481 1.412 0.55 2.969 0.075 1.688 0.094 2.194 0.094 6.463s-0.019 4.781-0.094 6.463c-0.069 1.563-0.331 2.406-0.55 2.969-0.288 0.744-0.637 1.281-1.194 1.837-0.563 0.563-1.094 0.906-1.837 1.2-0.563 0.219-1.413 0.481-2.969 0.55-1.688 0.075-2.194 0.094-6.463 0.094s-4.781-0.019-6.463-0.094c-1.563-0.069-2.406-0.331-2.969-0.55-0.744-0.288-1.281-0.637-1.838-1.194-0.563-0.563-0.906-1.094-1.2-1.837-0.219-0.563-0.481-1.413-0.55-2.969-0.075-1.688-0.094-2.194-0.094-6.463s0.019-4.781 0.094-6.463c0.069-1.563 0.331-2.406 0.55-2.969 0.288-0.744 0.638-1.281 1.194-1.838 0.563-0.563 1.094-0.906 1.838-1.2 0.563-0.219 1.412-0.481 2.969-0.55 1.681-0.075 2.188-0.094 6.463-0.094zM16 0c-4.344 0-4.887 0.019-6.594 0.094-1.7 0.075-2.869 0.35-3.881 0.744-1.056 0.412-1.95 0.956-2.837 1.85-0.894 0.888-1.438 1.781-1.85 2.831-0.394 1.019-0.669 2.181-0.744 3.881-0.075 1.713-0.094 2.256-0.094 6.6s0.019 4.887 0.094 6.594c0.075 1.7 0.35 2.869 0.744 3.881 0.413 1.056 0.956 1.95 1.85 2.837 0.887 0.887 1.781 1.438 2.831 1.844 1.019 0.394 2.181 0.669 3.881 0.744 1.706 0.075 2.25 0.094 6.594 0.094s4.888-0.019 6.594-0.094c1.7-0.075 2.869-0.35 3.881-0.744 1.050-0.406 1.944-0.956 2.831-1.844s1.438-1.781 1.844-2.831c0.394-1.019 0.669-2.181 0.744-3.881 0.075-1.706 0.094-2.25 0.094-6.594s-0.019-4.887-0.094-6.594c-0.075-1.7-0.35-2.869-0.744-3.881-0.394-1.063-0.938-1.956-1.831-2.844-0.887-0.887-1.781-1.438-2.831-1.844-1.019-0.394-2.181-0.669-3.881-0.744-1.712-0.081-2.256-0.1-6.6-0.1v0z\"\/>\n<path d=\"M16 7.781c-4.537 0-8.219 3.681-8.219 8.219s3.681 8.219 8.219 8.219 8.219-3.681 8.219-8.219c0-4.537-3.681-8.219-8.219-8.219zM16 21.331c-2.944 0-5.331-2.387-5.331-5.331s2.387-5.331 5.331-5.331c2.944 0 5.331 2.387 5.331 5.331s-2.387 5.331-5.331 5.331z\"\/>\n<path d=\"M26.462 7.456c0 1.060-0.859 1.919-1.919 1.919s-1.919-0.859-1.919-1.919c0-1.060 0.859-1.919 1.919-1.919s1.919 0.859 1.919 1.919z\"\/>\n<\/svg>\n        \n        \n        \n                <\/a>\n\n    \n\n\n<\/div><div class=\"bde-icon-14-113 bde-icon\">\n\n    \n                    \n            \n            \n\n    \n    \n    \n    \n    <a class=\"breakdance-link bde-icon-icon breakdance-icon-atom\" href=\"https:\/\/www.tiktok.com\/@nevermind.poland\" target=\"_blank\" data-type=\"url\"  >\n\n    \n                    <svg xmlns=\"http:\/\/www.w3.org\/2000\/svg\" viewBox=\"0 0 448 512\"><!-- Font Awesome Free 5.15.1 by @fontawesome - https:\/\/fontawesome.com License - https:\/\/fontawesome.com\/license\/free (Icons: CC BY 4.0, Fonts: SIL OFL 1.1, Code: MIT License) --><path d=\"M448,209.91a210.06,210.06,0,0,1-122.77-39.25V349.38A162.55,162.55,0,1,1,185,188.31V278.2a74.62,74.62,0,1,0,52.23,71.18V0l88,0a121.18,121.18,0,0,0,1.86,22.17h0A122.18,122.18,0,0,0,381,102.39a121.43,121.43,0,0,0,67,20.14Z\"\/><\/svg>\n        \n        \n        \n                <\/a>\n\n    \n\n\n<\/div><div class=\"bde-icon-14-114 bde-icon\">\n\n    \n                    \n            \n            \n\n    \n    \n    \n    \n    <a class=\"breakdance-link bde-icon-icon breakdance-icon-atom\" href=\"https:\/\/www.youtube.com\/@nevermindpolandgubinek\" target=\"_blank\" data-type=\"url\"  >\n\n    \n                    <svg xmlns=\"http:\/\/www.w3.org\/2000\/svg\" id=\"icon-youtube\" viewBox=\"0 0 32 32\">\n<path d=\"M31.681 9.6c0 0-0.313-2.206-1.275-3.175-1.219-1.275-2.581-1.281-3.206-1.356-4.475-0.325-11.194-0.325-11.194-0.325h-0.012c0 0-6.719 0-11.194 0.325-0.625 0.075-1.987 0.081-3.206 1.356-0.963 0.969-1.269 3.175-1.269 3.175s-0.319 2.588-0.319 5.181v2.425c0 2.587 0.319 5.181 0.319 5.181s0.313 2.206 1.269 3.175c1.219 1.275 2.819 1.231 3.531 1.369 2.563 0.244 10.881 0.319 10.881 0.319s6.725-0.012 11.2-0.331c0.625-0.075 1.988-0.081 3.206-1.356 0.962-0.969 1.275-3.175 1.275-3.175s0.319-2.587 0.319-5.181v-2.425c-0.006-2.588-0.325-5.181-0.325-5.181zM12.694 20.15v-8.994l8.644 4.513-8.644 4.481z\"\/>\n<\/svg>\n        \n        \n        \n                <\/a>\n\n    \n\n\n<\/div>\n<\/div>\n<\/div><div class=\"bde-column-14-107 bde-column\">\n  \n\t\n\n\n\n<div class=\"bde-div-14-117 bde-div\">\n  \n\t\n\n\n\n<div class=\"bde-icon-14-118 bde-icon\">\n\n    \n            <div class=\"bde-icon-icon breakdance-icon-atom\" >\n    \n                    <svg xmlns=\"http:\/\/www.w3.org\/2000\/svg\" width=\"49\" height=\"71\" viewBox=\"0 0 49 71\" fill=\"none\">\r\n<path d=\"M23.8007 0.844082C10.3795 1.22654 -0.228666 12.4641 0.153375 25.8958C0.541657 38.9393 22.1598 68.4742 23.0803 69.7257C23.2823 70.0009 23.6029 70.1637 23.9435 70.1668H23.9531C24.2906 70.1668 24.609 70.0092 24.8142 69.7404C25.8118 68.4328 49.2402 37.5606 48.8519 24.4749C48.4667 11.032 37.2538 0.44443 23.8007 0.844082ZM23.9689 67.2543C19.8894 61.5456 2.64475 36.7938 2.31998 25.8334C1.97081 13.5972 11.6353 3.3582 23.862 3.00972H23.8631C36.0784 2.63697 46.3364 12.2638 46.6853 24.5374C47.011 35.4998 28.2842 61.4314 23.9689 67.2543Z\" fill=\"white\"\/>\r\n<path d=\"M24.0768 10.93C16.6452 11.1542 10.7544 17.342 10.992 24.8304C11.2219 32.1569 17.2132 37.912 24.464 37.912C32.1557 37.912 38.2045 31.57 37.9645 23.9937C37.7594 16.8189 31.8559 10.7557 24.0768 10.93ZM35.8 24.0614C35.9952 30.2685 31.135 35.548 24.8344 35.74C18.3614 35.8953 13.3507 30.8672 13.1567 24.7628C12.9592 18.4983 17.8786 13.2846 24.1424 13.0967C30.2152 12.8759 35.6172 17.6758 35.7989 24.0582C35.7989 24.0593 35.7989 24.0603 35.8 24.0614Z\" fill=\"white\"\/>\r\n<\/svg>\n        \n        \n        \n            <\/div>\n    \n\n\n<\/div>\n<\/div><div class=\"bde-div-14-119 bde-div\">\n  \n\t\n\n\n\n<div class=\"bde-rich-text-14-123 bde-rich-text breakdance-rich-text-styles\">\n<p><strong>Przej\u015bcie graniczne Gubinek<\/strong><\/p><p>51\u00b054\u201909.7\u2033N \/ 14\u00b042\u201911.9\u2033E<\/p><p>ul. S\u0119kowice 211 \/ 6<\/p><p><a target=\"_blank\" href=\"https:\/\/goo.gl\/maps\/CxZ1w2HxkLCaHSbf9\">Prowad\u017a do celu<\/a><\/p>\n<\/div>\n<\/div>\n<\/div><\/div><\/div>\n<\/section>","protected":false},"excerpt":{"rendered":"<p>Pierwszy w Polsce tor do driftingu z opcj\u0105 nawadniania Track Day w ka\u017cd\u0105 sobot\u0119 (godz. 12-18:00) oraz niedziel\u0119 (godz. 12-17:00) info@neverminddrift.com Przej\u015bcie graniczne Gubinek51\u00b054\u201909.7\u2033N \/ 14\u00b042\u201911.9\u2033Eul. S\u0119kowice 211 \/ 6Prowad\u017a do celu<\/p>\n","protected":false},"author":1,"featured_media":0,"parent":0,"menu_order":0,"comment_status":"closed","ping_status":"closed","template":"","meta":{"_breakdance_hide_in_design_set":false,"_breakdance_tags":"","footnotes":""},"class_list":["post-14","page","type-page","status-publish","hentry"],"_links":{"self":[{"href":"https:\/\/neverminddrift.com\/index.php\/wp-json\/wp\/v2\/pages\/14","targetHints":{"allow":["GET"]}}],"collection":[{"href":"https:\/\/neverminddrift.com\/index.php\/wp-json\/wp\/v2\/pages"}],"about":[{"href":"https:\/\/neverminddrift.com\/index.php\/wp-json\/wp\/v2\/types\/page"}],"author":[{"embeddable":true,"href":"https:\/\/neverminddrift.com\/index.php\/wp-json\/wp\/v2\/users\/1"}],"replies":[{"embeddable":true,"href":"https:\/\/neverminddrift.com\/index.php\/wp-json\/wp\/v2\/comments?post=14"}],"version-history":[{"count":35,"href":"https:\/\/neverminddrift.com\/index.php\/wp-json\/wp\/v2\/pages\/14\/revisions"}],"predecessor-version":[{"id":54,"href":"https:\/\/neverminddrift.com\/index.php\/wp-json\/wp\/v2\/pages\/14\/revisions\/54"}],"wp:attachment":[{"href":"https:\/\/neverminddrift.com\/index.php\/wp-json\/wp\/v2\/media?parent=14"}],"curies":[{"name":"wp","href":"https:\/\/api.w.org\/{rel}","templated":true}]}}